is the hundreds digit of 14435712?
7
What is the ten millions digit of 3549021781?
4
What is the ten millions digit of 837692883?
3
What is the hundreds digit of 63651999?
9
What is the thousands digit of 3575696772?
6
What is the units digit of 237138774?
4
What is the units digit of 17092372?
2
What is the hundreds digit of 33230472?
4
What is the hundred thousands digit of 14349849?
3
What is the ten thousands digit of 3369937981?
3
What is the millions digit of 43948167?
3
What is the hundred thousands digit of 15107647?
1
What is the hundred thousands digit of 184519050?
5
What is the tens digit of 1010786650?
5
What is the ten thousands digit of 129628059?
2
What is the hundred millions digit of 304396901?
3
What is the hundreds digit of 107594610?
6
What is the tens digit of 664057427?
2
What is the tens digit of 354350978?
7
What is the ten millions digit of 27945762?
2
What is the thousands digit of 1703348570?
8
What is the hundred thousands digit of 2115413563?
4
What is the ten millions digit of 29694342?
2
What is the ten millions digit of 126575941?
2
What is the ten millions digit of 96406210?
9
What is the units digit of 400133441?
1
What is the millions digit of 75986772?
5
What is the units digit of 7487325050?
0
What is the units digit of 5887874956?
6
What is the units digit of 45372597?
7
What is the millions digit of 53444946?
3
What is the hundreds digit of 1877333792?
7
What is the units digit of 2817373640?
0
What is the hundred millions digit of 158944387?
1
What is the hundreds digit of 618765671?
6
What is the thousands digit of 1232779955?
9
What is the hundreds digit of 87907075?
0
What is the hundreds digit of 797433961?
9
What is the hundred thousands digit of 1564519770?
5
What is the ten millions digit of 1435250477?
3
What is the tens digit of 24239759?
5
What is the ten thousands digit of 223260062?
6
What is the hundred thousands digit of 27086665?
0
What is the hundred thousands digit of 53822344?
8
What is the hundred thousands digit of 1620037061?
0
What is the thousands digit of 37159899?
9
What is the units digit of 290889814?
4
What is the hundreds digit of 707005899?
8
What is the tens digit of 50512657?
5
What is the thousands digit of 37630624?
0
What is the thousands digit of 284933015?
3
What is the hundreds digit of 122707952?
9
What is the millions digit of 7523297?
7
What is the units digit of 1475662642?
2
What is the hundreds digit of 89655510?
5
What is the millions digit of 53568857?
3
What is the millions digit of 349317977?
9
What is the thousands digit of 252925077?
5
What is the hundred thousands digit of 66182961?
1
What is the ten thousands digit of 282285554?
8
What is the hundred thousands digit of 2111147335?
1
What is the units digit of 1250313301?
1
What is the tens digit of 7936031110?
1
What is the hundred thousands digit of 410325274?
3
What is the tens digit of 142160485?
8
What is the thousands digit of 753249051?
9
What is the thousands digit of 152577919?
7
What is the ten thousands digit of 161184061?
8
What is the ten thousands digit of 270336095?
3
What is the ten thousands digit of 212366062?
6
What is the hundreds digit of 57437573?
5
What is the units digit of 218852407?
7
What is the millions digit of 324952040?
4
What is the hundreds digit of 34015330?
3
What is the ten millions digit of 24061934?
2
What is the ten millions digit of 17471421?
1
What is the hundred millions digit of 9513759575?
5
What is the millions digit of 223138301?
3
What is the hundred thousands digit of 2108744808?
7
What is the tens digit of 527683712?
1
What is the ten thousands digit of 251008495?
0
What is the tens digit of 279059408?
0
What is the hundreds digit of 2016889017?
0
What is the units digit of 4805715?
5
What is the hundred thousands digit of 2616869702?
8
What is the hundreds digit of 2251831686?
6
What is the units digit of 65392849?
9
What is the units digit of 255538027?
7
What is the ten thousands digit of 216539717?
3
What is the thousands digit of 62226079?
6
What is the units digit of 2474441071?
1
What is the units digit of 53435135?
5
What is the units digit of 2012844764?
4
What is the ten thousands digit of 49818866?
1
What is the ten millions digit of 80417944?
8
What is the units digit of 28218499?
9
What is the billions digit of 4206217008?
4
What is the millions digit of 889895305?
9
What is the hundred thousands digit of 133468609?
4
What is the ten thousands digit of 69000317?
0
What is the ten millions digit of 54263342?
5
What is the thousands digit of 49711642?
1
What is the ten thousands digit of 1898321733?
2
What is the hundreds digit of 117314076?
0
What is the thousands digit of 27934082?
4
What is the thousands digit of 678529352?
9
What is the millions digit of 1040997231?
0
What is the ten thousands digit of 117944845?
4
What is the thousands digit of 1734339058?
9
What is the tens digit of 4643688379?
7
What is the tens digit of 1921882900?
0
What is the thousands digit of 2069287215?
7
What is the ten millions digit of 50858948?
5
What is the hundreds digit of 471588476?
4
What is the hundred thousands digit of 921123062?
1
What is the thousands digit of 888207039?
7
What is the ten thousands digit of 282409979?
0
What is the thousands digit of 67620128?
0
What is the hundred thousands digit of 6582174?
5
What is the tens digit of 55682488?
8
What is the millions digit of 78267774?
8
What is the hundred millions digit of 627320164?
6
What is the tens digit of 330075881?
8
What is the millions digit of 123495268?
3
What is the ten thousands digit of 113172981?
7
What is the tens digit of 327877753?
5
What is the tens digit of 770651593?
9
What is the hundred millions digit of 601085672?
6
What is the hundred thousands digit of 72728001?
7
What is the ten thousands digit of 1919961414?
6
What is the hundred thousands digit of 171010122?
0
What is the units digit of 1497864240?
0
What is the thousands digit of 470878702?
8
What is the hundred millions digit of 115577338?
1
What is the hundred thousands digit of 3675107068?
1
What is the hundred millions digit of 1421150741?
4
What is the ten thousands digit of 1307176471?
7
What is the millions digit of 53472303?
3
What is the millions digit of 179978704?
9
What is the thousands digit of 97802102?
2
What is the tens digit of 461303545?
4
What is the millions digit of 4679514795?
9
What is the hundreds digit of 1494507237?
2
What is the thousands digit of 77983365?
3
What is the hundred thousands digit of 387145659?
1
What is the ten thousands digit of 1900764891?
6
What is the ten thousands digit of 550792774?
9
What is the ten millions digit of 40181606?
4
What is the hundred millions digit of 225540325?
2
What is the units digit of 44733223?
3
What is the millions digit of 95082479?
5
What is the tens digit of 839626291?
9
What is the ten thousands digit of 27954283?
5
What is the hundred thousands digit of 32355294?
3
What is the hundreds digit of 2284623748?
7
What is the ten thousands digit of 41882218?
8
What is the millions digit of 207306270?
7
What is the ten millions digit of 1961793373?
6
What is the units digit of 23218020?
0
What is the ten thousands digit of 9443206?
4
What is the millions digit of 20583422?
0
What is the hundred thousands digit of 793218291?
2
What is the millions digit of 132688046?
2
What is the hundred thousands digit of 288834959?
8
What is the tens digit of 132987271?
7
What is the ten thousands digit of 864232532?
3
What is the ten thousands digit of 184795824?
9
What is the hundreds digit of 332382188?
1
What is the ten millions digit of 139297618?
3
What is the hundred thousands digit of 41155990?
1
What is the hundred thousands digit of 1183089535?
0
What is the hundreds digit of 1465801921?
9
What is the hundred thousands digit of 63781530?
7
What is the ten millions digit of 1250751564?
5
What is the millions digit of 10332704?
0
What is the hundred thousands digit of 102196347?
1
What is the units digit of 956564816?
6
What is the hundred thousands digit of 619443865?
4
What is the ten thousands digit of 822525751?
2
What is the ten thousands digit of 2936657612?
5
What is the thousands digit of 4437335224?
5
What is the thousands digit of 108941797